+ 14/14?
2
Let s = 342 - 340. Suppose -s*l = -4*l + 118. Calculate the remainder when l is divided by 10.
9
Suppose 3*a + 2*a = 35. Let s(y) = 13*y - 2. Let f be s(6). What is the remainder when (-8*2)/((-38)/f) is divided by a?
4
Let h(w) = -8*w + 36. Let l be h(4). Suppose 16 = l*n - 7*n + 5*a, -5*n = a - 20. Suppose -n*v = -11*v + 888. Calculate the remainder when v is divided by 38.
35
Let q(a) = 5*a**2 - 70*a + 52. Let s = 0 - 0. Suppose -k + 2*u - 1 + 25 = s, -3*k + 51 = u. What is the remainder when q(14) is divided by k?
16
What is the remainder when 359 is divided by -67 - -62 - (1 - -2 - 43)?
9
Let y be (-1594)/(-16) - 27/(-72). Suppose -y = 49*q - 53*q. What is the remainder when q is divided by 14?
11
Let f be 10/5 + (2 - 1). Let t(s) = 93*s - 47*s - f*s**2 + 4*s**2 - 49*s - 15. Calculate the remainder when t(-5) is divided by 13.
12
Let w be (-12)/(1/2*-4). Let l be 2 - w/4 - (-18)/12. Calculate the remainder when 63 is divided by (-2961)/(-231) - 1/(-11)*l.
11
Let j = 50 + -17. Suppose -15*t + 14*t = -3. Suppose 4*c - 16 = 5*o, 4*o + 29 = 2*c + t*c. What is the remainder when j is divided by c?
6
Let o = 924 - 400. Calculate the remainder when o is divided by 77.
62
Let a be (36 - 38)*(-21 + 1). What is the remainder when 371 is divided by (90/a)/((-15)/(-500))?
71
What is the remainder when 2794 is divided by 9 + (-10 - -24) + -10?
12
Let b(j) = 2*j**2 - 25*j - 35. Let h be b(14). Let l(i) = 19*i - 9. Calculate the remainder when l(h) is divided by 14.
12
What is the remainder when 1 + 484 - (-123 + 116) is divided by 22?
8
Let n = 588 + -583. Suppose 0 = -n*b + 4*b - 2*r + 67, 5*r = -25. What is the remainder when 230 is divided by b?
76
Let s be (20/30)/(32/(-18) - -2). What is the remainder when (1 - 177/s - 1)/(-1) is divided by 11?
4
Suppose -2*m + 57 + 107 = 4*g, -2*g - 2*m + 78 = 0. Let t be (3 + (-4 - 2))*(2 - g). Suppose t = 4*n - 3*n. Calculate the remainder when n is divided by 31.
30
Let n(t) = -1364*t + 6125. Calculate the remainder when n(4) is divided by 221.
6
Suppose 2*q + 12264 = 2*p + 726, 0 = 2*q + 14. Calculate the remainder when p is divided by 131.
129
Calculate the remainder when (1*-15)/((-135)/21 + 6) is divided by 8.
3
Let i(n) = -n**2 + 27*n + 66. Let y be i(29). Suppose 560 = y*c + 2*c. Suppose 0*a = a - 15. Calculate the remainder when c is divided by a.
11
Suppose 5*n + k = 400 - 67, 5*k = 3*n - 211. Let i = 9 - 5. Suppose -2*u - 2*u - 3*p + 62 = 0, i*u - p - 70 = 0. Calculate the remainder when n is divided by u.
16
Let o(p) = 74*p**3 - 73*p**3 - 14*p + p - 5 + 8*p**2. Suppose -g + 5*m = -0*m - 163, 0 = -4*g + 4*m + 716. What is the remainder when g is divided by o(-9)?
28
Let z = -9799 - -9920. What is the remainder when 285 is divided by z?
43
Let p = 421 + -80. Let c(v) = 13*v**2 - 7*v + 11. What is the remainder when p is divided by c(2)?
47
Let w(d) = d + 2. Let f be w(0). Suppose 3*a + 0*a + 177 = 5*h, 4*h = f*a + 140. Calculate the remainder when h is divided by (-68)/(-10) - 15/(-75).
5
Suppose 4*s = m + 245, 2*s = 1793*m - 1796*m + 119. What is the remainder when 15367 is divided by s?
56
Let y be 40/2 - (2 - 4)*-1. Suppose 0 = -a + y - 1. Calculate the remainder when 48 is divided by a.
14
Let g = 136 + -13. Suppose -5*f + 466 = 3*m + g, -5*m = -3*f + 233. Suppose -4*w + 511 - f = 0. Calculate the remainder when w is divided by 28.
26
Let d(z) = -45*z + 9546. Calculate the remainder when d(136) is divided by 343.
339
Let g = 43 + -6. Let l = -12162 - -12172. What is the remainder when g is divided by l?
7
Let t = 66 - 64. Suppose f - 3*g = -9, t*f + 6*g - 18 = 3*g. Suppose -c + 5*o = -48, 3*c - f*o + 2*o = 200. Calculate the remainder when c is divided by 24.
20
Let g(x) = -5*x + 230. What is the remainder when 918 is divided by g(23)?
113
Suppose -246*g - 92 = -250*g. Suppose 4*j + 458 = 2*z - 0*j, -3*j = -5*z + 1138. Calculate the remainder when z is divided by g.
20
Let u = 256 + -596. Let q be u/(-8) + (3/6)/1. Let m = 55 - q. Calculate the remainder when 21 is divided by m.
9
Let y = -40 + 72. Suppose -5*o + 4*j + 320 = -j, -3*j - 3 = 0. What is the remainder when o is divided by y?
31
Let f(r) = 3*r**2 - 34*r + 7. Let v = -126 + 142. What is the remainder when f(v) is divided by 13?
10
Suppose -s = s - 40. Suppose -3*g + 4 = -5*m - 46, 0 = -4*g + s. Calculate the remainder when 63 is divided by 22*4/(-28)*m.
19
Suppose -15 = f + 4*g, -4*f - 3*g = -2*g. Let t be (f/(-2))/((-11)/1650). Suppose 10*s - t = 7*s. Calculate the remainder when 49 is divided by s.
24
Let n(r) = 17*r**2 - 67*r + 68. Calculate the remainder when 3816 is divided by n(3).
16
Let w = 9366 - 9357. Calculate the remainder when 8296 is divided by w.
7
Let p(w) = 2*w + 22. Let r be p(-10). Suppose 3*o - 6*n - 21 = -4*n, 0 = r*o + 5*n - 14. What is the remainder when 96 is divided by o?
5
Let x(c) = 7*c - 23. Suppose -2*t - 83 = -3*v, 5*v - 7*t - 132 = -10*t. What is the remainder when x(10) is divided by v?
20
Let g(q) = 12*q - 235. Let m(u) = -10*u + 235. Let n(b) = 4*g(b) + 3*m(b). Calculate the remainder when n(15) is divided by 11.
2
Let i = -1458 - -838. Let h = -529 - i. Calculate the remainder when h is divided by 46.
45
Let g(d) = 11*d**2 - 2. Let n be g(-1). Let u(p) = 6*p - 34. Calculate the remainder when 72 is divided by u(n).
12
Let w(d) = 1 + 3*d**3 - 14*d + 9*d**2 - 42*d**2 - 18 + 0*d**3 - d**3. What is the remainder when w(18) is divided by 22?
21
Let c(y) = y**2 - 14*y + 8. Let x(h) = -2*h**2 + 40*h - 23. Let v(g) = 17*c(g) + 6*x(g). Calculate the remainder when 13 is divided by v(1).
3
Let m(l) = 0*l**2 + 102*l**3 - 103*l**3 + 18*l + 12 + 15*l**2. What is the remainder when m(16) is divided by 16?
12
Suppose 16464 = -327*t + 182*t + 166*t. What is the remainder when t is divided by 237?
73
Let u = 7827 + -7750. What is the remainder when 523 is divided by u?
61
Suppose -23 = -g - c, -13*g + 12*g = 8*c + 5. Let v = 13 + 67. Calculate the remainder when v is divided by g.
26
Let z = -12 - 534. Let m = z - -647. Calculate the remainder when m is divided by 26.
23
Let r = -9347 - -9372. What is the remainder when ((-268)/8)/(4/(-16)) is divided by r?
9
Let p(q) = -117*q + 722. Calculate the remainder when 1138 is divided by p(6).
18
Let p(a) = -15*a**3 + a**2 + 10*a + 10. Let o = -16 + 19. What is the remainder when p(-1) is divided by o?
1
Suppose -7*r - 9178 = -4*j, 43*j - 11465 = 38*j + 5*r. Calculate the remainder when j is divided by 49.
37
Let z be (36/(-27))/(2 + (-249)/126). Let l = -25 - z. What is the remainder when l is divided by 13?
5
Let o(a) = 6*a**3 + a**2 - 3*a + 2. Let x be o(1). Let n = x - -40. Calculate the remainder when n is divided by 12.
10
Calculate the remainder when 3166 - (6/2 + (-25)/(-5) + -15) is divided by 127.
125
Suppose -2*p + 5*g - 97 = -485, -2*g = 4*p - 776. Suppose 6 + 75 = 3*q. Let l = q + -13. What is the remainder when p is divided by l?
12
Let p be (7196/(-8) - -8)/(2/(-4)). Suppose -2069 - p = -36*n. What is the remainder when n is divided by 12?
11
Suppose 2*o - 98 = -l - 36, -4*l = 24. What is the remainder when 91 is divided by o?
23
Let c be (5 + 210/(-7))*1. Let o(j) = -2*j**3 - 2*j**2 + 1. Let f be o(1). Let v = f - c. Calculate the remainder when v is divided by 6.
4
Suppose 3*l - 57 = -n, 4*n - 243 = -n - l. Suppose 154 = 5*b + 64. Calculate the remainder when n is divided by b.
12
Let x = -62 - -59. Let g be (-49)/21 - 1/x. Calculate the remainder when 56 is divided by -38*(1/(-1) - 1/g).
18
Let j(r) = 3*r**2 - 70*r + 139. What is the remainder when 77 is divided by j(22)?
26
Suppose -b - 1 = 4, q - 4*b = 25. Let n(s) = -23*s + 5. Let j be n(0). Suppose 23 = j*u + h - 35, -4 = 2*h. What is the remainder when u is divided by q?
2
Suppose 4*m - 3044 = 5*s, -3*m + 113*s = 114*s - 2283. What is the remainder when m is divided by 153?
149
Let p = -5821 - -6052. What is the remainder when p is divided by 99?
33
Suppose -95018 = -118*g - 36*g. What is the remainder when g is divided by 202?
11
Suppose -3*r + u + 2627 = 0, 5*r + 2*u - 4384 = -2*u. Suppose 2*c = 8*c - r. Suppose 10 + 64 = 2*a. Calculate the remainder when c is divided by a.
35
Let s(j) = -j**2 - 4*j - 2. Let r be s(-2). Suppose -10*h + 14*h - 88 = 4*o, r*o = 8. Calculate the remainder w